15?
False
Does 77 divide 26103?
True
Does 51 divide 11169?
True
Is 59373 a multiple of 15?
False
Is 214 a factor of 1177541?
False
Is 43 a factor of 22274?
True
Does 4 divide 573196?
True
Is 6 a factor of 7050?
True
Does 626 divide 235051?
False
Is 10 a factor of 88070?
True
Is 1020679 a multiple of 11?
True
Is 726300 a multiple of 14?
False
Is 315482 a multiple of 29?
False
Is 233695 a multiple of 103?
False
Does 10 divide 260623?
False
Is 1031771 a multiple of 408?
False
Is 7557324 a multiple of 23?
False
Does 475 divide 1140475?
True
Does 220 divide 563062?
False
Is 169554 a multiple of 21?
True
Is 5086224 a multiple of 988?
True
Is 280343 a multiple of 7?
True
Does 393 divide 7440272?
False
Does 635 divide 16615410?
True
Is 29 a factor of 73370?
True
Does 4 divide 1521086?
False
Is 397 a factor of 12875901?
True
Does 264 divide 65736?
True
Is 19 a factor of 176263?
True
Is 41 a factor of 586531?
False
Is 72178 a multiple of 55?
False
Is 445 a factor of 1875600?
False
Is 67 a factor of 3047696?
True
Does 46 divide 78091?
False
Is 48 a factor of 17760?
True
Is 4024282 a multiple of 561?
False
Is 1278303 a multiple of 62?
False
Does 130 divide 309435?
False
Does 12 divide 2270832?
True
Does 256 divide 17171?
False
Is 1249395 a multiple of 1533?
True
Is 18 a factor of 2475821?
False
Is 956968 a multiple of 74?
True
Does 85 divide 97051?
False
Is 3463424 a multiple of 321?
False
Is 1296 a factor of 671731?
False
Is 5032890 a multiple of 18?
True
Is 162 a factor of 2011069?
False
Is 218933 a multiple of 351?
False
Does 3 divide 203661?
True
Is 2569466 a multiple of 653?
False
Is 323 a factor of 129523?
True
Is 80 a factor of 4107461?
False
Does 10 divide 77930?
True
Is 19 a factor of 35131?
True
Does 23 divide 25438?
True
Is 1782565 a multiple of 580?
False
Is 219 a factor of 191164?
False
Does 104 divide 3774160?
True
Does 15 divide 50059?
False
Does 51 divide 111695?
False
Is 137 a factor of 46759?
False
Is 13 a factor of 1215300?
False
Is 16 a factor of 34000?
True
Is 15591304 a multiple of 85?
False
Is 1348367 a multiple of 49?
False
Does 122 divide 1275632?
True
Is 14470172 a multiple of 74?
False
Is 14 a factor of 3860150?
True
Does 156 divide 148356?
True
Is 298 a factor of 93849?
False
Does 37 divide 18575332?
True
Does 4 divide 1090802?
False
Does 81 divide 994032?
True
Does 9 divide 123025?
False
Does 3 divide 1099075?
False
Does 70 divide 672560?
True
Is 104196 a multiple of 17?
False
Is 234 a factor of 13697034?
False
Is 744338 a multiple of 130?
False
Is 484608 a multiple of 24?
True
Is 105783 a multiple of 111?
True
Is 171 a factor of 3467880?
True
Is 2882818 a multiple of 74?
True
Is 309599 a multiple of 13?
False
Does 141 divide 2331554?
False
Is 4 a factor of 1007905?
False
Does 20 divide 8419647?
False
Is 18 a factor of 145260?
True
Does 23 divide 51137?
False
Is 1098053 a multiple of 19?
False
Is 165 a factor of 1199604?
False
Is 103181 a multiple of 139?
False
Is 10 a factor of 287364?
False
Is 43442 a multiple of 214?
True
Is 41 a factor of 2262954?
True
Does 10 divide 755338?
False
Is 8 a factor of 88897?
False
Is 164 a factor of 1507034?
False
Is 37 a factor of 21904?
True
Does 373 divide 2617247?
False
Is 9044675 a multiple of 736?
False
Is 461852 a multiple of 65?
False
Is 10917504 a multiple of 16?
True
Is 95 a factor of 7870180?
True
Is 11 a factor of 84230?
False
Is 89 a factor of 902761?
False
Does 182 divide 96446?
False
Does 91 divide 16594088?
False
Is 3746697 a multiple of 28?
False
Is 268 a factor of 192938?
False
Is 532290 a multiple of 30?
True
Does 139 divide 189596?
True
Does 52 divide 517764?
True
Is 3625904 a multiple of 159?
False
Is 56 a factor of 701064?
True
Is 1084347 a multiple of 297?
True
Is 7893928 a multiple of 296?
False
Is 399744 a multiple of 144?
True
Is 35 a factor of 698775?
True
Is 202992 a multiple of 8?
True
Is 267 a factor of 787211?
False
Does 590 divide 1821008?
False
Is 181024 a multiple of 12?
False
Is 8 a factor of 1200880?
True
Is 8870781 a multiple of 87?
True
Is 586395 a multiple of 4?
False
Is 17 a factor of 17653939?
True
Does 11 divide 262983?
False
Is 457 a factor of 1559317?
False
Is 1640225 a multiple of 25?
True
Is 38 a factor of 4434334?
True
Is 11551728 a multiple of 177?
True
Does 13 divide 40982695?
True
Is 157483 a multiple of 57?
False
Is 8585590 a multiple of 626?
True
Is 183414 a multiple of 42?
True
Is 267 a factor of 47526?
True
Is 156508 a multiple of 44?
True
Is 148120 a multiple of 140?
True
Is 897 a factor of 935598?
False
Is 72 a factor of 5671690?
False
Is 725316 a multiple of 21?
False
Is 13 a factor of 676711?
False
Does 115 divide 15295230?
True
Is 282 a factor of 191196?
True
Is 254921 a multiple of 3?
False
Does 19 divide 1554504?
True
Does 35 divide 5533739?
False
Is 11 a factor of 5376?
False
Is 839608 a multiple of 284?
False
Is 428736 a multiple of 176?
True
Is 29 a factor of 159645?
True
Does 3 divide 2555725?
False
Does 81 divide 1487970?
True
Is 53237 a multiple of 3?
False
Does 49 divide 376910?
False
Is 411 a factor of 3185250?
True
Does 13 divide 4689020?
False
Is 1172384 a multiple of 196?
False
Is 74 a factor of 12012035?
False
Does 57 divide 128592?
True
Is 44 a factor of 4857534?
False
Does 9 divide 692028?
True
Is 7 a factor of 11949?
True
Does 115 divide 444404?
False
Is 9 a factor of 1622987?
False
Is 82 a factor of 475436?
True
Is 4794125 a multiple of 125?
True
Is 107431 a multiple of 83?
False
Does 21 divide 2100?
True
Is 1051593 a multiple of 3?
True
Is 50 a factor of 115050?
True
Does 161 divide 304934?
True
Is 31 a factor of 2353086?
True
Is 61 a factor of 69849?
False
Does 173 divide 906693?
True
Is 50 a factor of 9600?
True
Is 4186021 a multiple of 347?
False
Is 43 a factor of 782110?
False
Is 1729695 a multiple of 11?
True
Does 30 divide 108330?
True
Does 3 divide 19451?
False
Does 13 divide 60476?
True
Is 85055 a multiple of 477?
False
Is 2328004 a multiple of 58?
True
Is 167615 a multiple of 94?
False
Does 39 divide 615381?
True
Is 1248852 a multiple of 132?
True
Does 5 divide 10217300?
True
Is 33232 a multiple of 16?
True
Is 17331 a multiple of 24?
False
Is 140700 a multiple of 18?
False
Does 68 divide 852516?
True
Is 6076631 a multiple of 31?
False
Is 547100 a multiple of 8?
False
Is 319 a factor of 1110133?
False
Is 86526 a multiple of 69?
True
Is 7532173 a multiple of 799?
True
Is 217734 a multiple of 33?
True
Does 102 divide 275904?
False
Does 8 divide 1496461?
False
Is 5032273 a multiple of 34?
False
Does 4 divide 152573?
False
Does 22 divide 2132834?
True
Is 524 a factor of 231241?
False
Is 3301970 a multiple of 7?
True
Is 1171800 a multiple of 216?
True
Is 381 a factor of 206502?
True
Is 795700 a multiple of 100?
True
Is 308 a factor of 1662327?
False
Is 34 a multiple of 5?
False
Is 1105737 a multiple of 401?
False
Is 32352 a multiple of 24?
True
Is 186 a factor of 1223694?
True
Does 43 divide 1468708?
True
Does 5 divide 441640?
True
Is 493 a factor of 7790764?
False
Is 338121 a multiple of 9?
True
Does 312 divide 22089104?
False
Is 153 a factor of 381429?
True
Is 31831 a multiple of 83?
False
Is 823200 a multiple of 32?
True
Is 384 a factor of 24960?
True
Is 1089416 a multiple of 13?
False
Does 1014 divide 1931138?
False
Is 275 a factor of 2064425?
True
Does 6 divide 1329520?
False
Does 37 divide 167304?
False
Does 11 divide 1572020?
False
Does 33 divide 288530?
False
Is 12 a factor of 961608?
True
Is 371 a factor of 1070164?
False
Is 44 a factor of 1456103?
False
Does 166 divide 44773?
False
Does 19 divide 279204?
False
Is 8 a factor of 4139808?
True
Does 219 divide 671510?
False
Is 841489 a multiple of 11?
True
Is 1058299 a multiple of 23?
True
Is 36 a factor of 389844?
True
Is 9215775 a multiple of 225?
True
Does 429 divide 362809?
False
Is 787307 a multiple of 183?
False
Is 27 a factor of 190809?
True
Is 1367 a multiple of 9?
False
Is 3138175 a multiple of 86?
False
Does 569 divide 11898146?
False
Is 497761 a multiple of 108?
False
Is 1658750 a multiple of 9?
False
Does 3 divide 134217?
True
Does 171 divide 479334?
False
Is 52 a factor of 6011200?
True
Does 331 divide 1077800?
False
Does 47 divide 4187183?
True
Does 820 divide 610080?
True
Is 25 a factor of 1090650?
True
Is 85044 a multiple of 16?
False
Is